8 - 168*n**3. Calculate x(15).
-16
Suppose 2*h + 3*h = -4*x + 14, -x = -h + 1. Let f(o) = -1435*o**3 + 2 + 1433*o**3 + 3*o**h - 4. Give f(2).
-6
Suppose 6 = -11*g + 6. Suppose -4*n + 255 - 251 = g. Let f(l) = 15*l**3 + l - 1. Calculate f(n).
15
Let m(l) = 4*l**2 - 22*l + 58. Let h(b) = 7*b**2 - 44*b + 117. Let c(y) = -3*h(y) + 5*m(y). Let n be c(19). Let o(f) = -f**3 - 3*f**2 + 6*f + 3. Give o(n).
-5
Let g be 0/((-3)/(-3) - 2). Let d be 0/((-8)/(-4)) - g. Let c(y) be the first derivative of y**4/4 + y**2/2 - 5*y - 40. Determine c(d).
-5
Let z(g) = g**3 - 11*g**2 + 8*g + 42. Let r(f) = 10*f**2 + 7*f - 7. Let n be r(1). Determine z(n).
22
Let q(b) = -3*b**3 + 9*b**2 + 19*b - 10. Let y be q(-2). Let z(k) = -k**2 + 13*k - 10. Give z(y).
2
Suppose -l = 4*g - 177, -47*l = -50*l + 4*g + 451. Suppose -6*d - l = -103. Let v(u) = u**3 + 10*u**2 + 10*u - 2. Calculate v(d).
-11
Let a(y) be the third derivative of 1/6*y**3 - 1/4*y**4 - y - 1/120*y**6 + 0 + 1/10*y**5 + 82*y**2. What is a(4)?
9
Let z(v) be the third derivative of v**6/120 - 11*v**5/30 + 3*v**4/4 + 13*v**3/6 + 3125*v**2. Calculate z(21).
-50
Let y(r) = -6*r**3 + 210*r**2 + 2*r - 62. Let j be y(35). Let q(x) = x**2 - 9*x + 4. Determine q(j).
-4
Let y(w) = 2*w**3 + 11*w**2 + 2*w + 30. Suppose 2*m - 4 = -3*a - 26, -6 = 3*m. Determine y(a).
-18
Let w(q) = -q**3 - q + 4. Let v = 7928 + -7928. Give w(v).
4
Suppose 51*p + 42 = 348. Let u(y) be the first derivative of -y**3/3 + 5*y**2/2 + y - 2. Give u(p).
-5
Let n(x) = -x**3 + 5*x**2 - 3. Let q be (-1)/6 - (-14)/12. Suppose 0 = 5*j - 14 - q. Suppose j*f - 10 = 5. Calculate n(f).
-3
Let w(g) = g**3 + 13*g**2 + 42*g + 16. Let y be w(-6). Let n(x) = x**3 - 15*x**2 - 25*x + 147. Calculate n(y).
3
Let v(j) = -11*j**2 + 2*j + 8. Let c(h) = 5*h**2 - 4*h - 1. Let p(x) = -7*c(x) - 3*v(x). Calculate p(10).
3
Let p be (192/(-112))/((-52)/(-546)) + 8 + -1. Suppose 5*b = 0, 5*s = b - 3 + 13. Let t(q) = -q - q**s - 12 - 4 - 11*q. Give t(p).
-5
Suppose -17*g + 132 = -148 + 93. Let l(m) = 7*m - 59. Calculate l(g).
18
Let z(i) = -14*i + 1. Let w(m) = 7*m - 1. Let l(p) = 5*w(p) + 2*z(p). Let x = 1096 - 1094. Determine l(x).
11
Let t(g) = 15 - 64*g + 39 - 64*g + 126*g + 12. What is t(0)?
66
Let r(y) = 22 + 8 - 48 + 23 + 5*y. Suppose 2*w = 7*w - 25. Calculate r(w).
30
Let u(l) = 9*l**2 + 41*l + 3. Let p(i) = -5*i**2 - 22*i - 2. Let t(h) = -11*p(h) - 6*u(h). Let r(f) = -2*f**2 + 10*f + 17. Let g be r(6). Determine t(g).
9
Let a(t) = 5*t + 245. Let x(l) = 227*l - 49. Let q be x(0). Determine a(q).
0
Let c(t) = -3*t**2 + 7*t - 4. Let k(p) = 4*p**2 - 8*p + 7. Let x(h) = 3*c(h) + 2*k(h). Give x(2).
8
Let p(l) = 247 + 7*l - 118 - 117. Give p(-11).
-65
Let g(z) = -z**2 + 11*z + 15. Let o = 86 - 76. Suppose o = -5*p, -4*i + 5*p + 56 = p. Calculate g(i).
3
Let k(f) be the third derivative of f**5/12 - 3*f**4/4 - 11*f**3/6 - 2093*f**2. What is k(5)?
24
Let l(d) be the third derivative of d**5/60 - 7*d**4/24 - d**3/6 + d**2. Let x = -396 + 401. Give l(x).
-11
Let t(n) be the third derivative of 0*n + 1/12*n**4 - 86*n**2 - n**3 + 0. Give t(3).
0
Let h(u) = u**3 - 3*u**2 + 16. Let y(k) = -3*k**3 + 6*k**2 - 33. Let v(s) = -5*h(s) - 2*y(s). Determine v(0).
-14
Let p(l) = -l**3 - 6*l**2 + 6. Let k(f) = 15*f - 68 + 8*f - f**2 - 68*f + 12*f. Let t be k(-31). Determine p(t).
6
Let p(w) = -202*w + 2221. Let u be p(11). Let x(h) = -h**2 - 35*h - 33. What is x(u)?
1
Let l be (-3 - -2)*78 - -3. Let j be l/(-250) + 166/(-20). Let r(n) = -2*n - 6. Determine r(j).
10
Let i(w) be the third derivative of -66*w**2 + 3/8*w**4 + 0*w + 1/2*w**3 + 0. Give i(-3).
-24
Let j(r) = 22924*r**2 - 9*r - 21*r - 70 - 22923*r**2. What is j(32)?
-6
Let k(y) = y**2 + 7*y - 4. Let p(q) = -3*q + 1. Let b(d) = k(d) + 2*p(d). Suppose 3*x + 43 = -5*f, 0*x - 5*x - 75 = 5*f. Let z be (-24)/x*(-4)/3. Give b(z).
0
Let l be 6/(8/4) + -1 + 39. Let r = l + -38. Let p(k) be the second derivative of k**3/3 - k**2 - 30*k. Give p(r).
4
Suppose -4*k - 15 = -5*j, 3*j - 2*k - 9 = -0*j. Let q(p) = -70*p - 64*p - 45*p + 240*p - 62*p + 3. Determine q(j).
0
Let r(f) = -f**3 + 33*f**2 + 4*f - 56. Let z(v) = v**3 - 34*v**2 - 4*v + 52. Let p(a) = -5*r(a) - 4*z(a). Give p(29).
-44
Let b = -138 - -231. Suppose b*q - 82 = 92*q. Let u = q - 77. Let y(p) = p**2 - 4*p - 6. Determine y(u).
-1
Let q(o) = o**2 + 2*o. Suppose 5*l + 15 = 5*x, -8*l - 7 = -5*l - x. Calculate q(l).
0
Let y(q) = -5*q**2 - 27*q + 3. Let d = -19 - -22. Let g(u) = 2*u**2 + 9*u - 1. Let a(s) = d*y(s) + 8*g(s). What is a(6)?
-17
Let y = -5389 - -5389. Let v(o) = -o + 44. Calculate v(y).
44
Let o(u) be the third derivative of 0*u - 91*u**2 + 1/24*u**4 + 0 - 1/60*u**5 - 1/3*u**3 + 1/60*u**6. Calculate o(2).
12
Let i(r) = r**3 + 2*r**2 - 4*r + 1. Let o be (-45)/25 - (-19)/(760/(-48)). What is i(o)?
4
Let o(i) = -30*i - 264. Let c be o(-9). Let y(f) = 8*f - 38 - c + 44. Suppose -5*x - 4 = -x. Determine y(x).
-8
Let h(y) = -277*y - 1939. Let o be h(-7). Let g(x) = -2*x**2 + 2*x + 121. Determine g(o).
121
Let n(v) be the second derivative of 37*v**3/6 - 441*v**2/2 + 5573*v. What is n(12)?
3
Let b(y) be the third derivative of -y**4/3 - 5*y**3/6 + 2*y**2 - 1211. What is b(8)?
-69
Let c(j) = -20*j**3 - 7*j**2 - 2*j + 12. Let r(p) = -16*p**3 - 6*p**2 - 2*p + 11. Let k(a) = -5*c(a) + 6*r(a). Calculate k(2).
30
Let f(u) be the second derivative of -1/3*u**3 + 0 + 238*u + 15/2*u**2. Determine f(7).
1
Suppose 2*z = -2*y + 2, -z + y - 2 = 1. Let i(o) = o - 18. Let b(f) = -f + 29. Let l(t) = 5*b(t) + 8*i(t). Calculate l(z).
-2
Suppose -6*q + 31 = 1. Suppose -3*h + 25 = q*y, -y - h + 20 = 3*y. Let z(f) be the third derivative of f**5/60 - 5*f**4/24 + f**3/6 - 2*f**2. Calculate z(y).
1
Let y(c) = -c**3 - 7*c**2 - c - 12. Suppose 15 = 4*v + 43. Let x be y(v). Let n(h) = -2*h**2 - 6*h - 5. Give n(x).
-25
Let m(t) = -9*t**2 - 36*t - 5. Let b(u) = -5*u**2 - 20*u - 4. Let v(r) = -7*b(r) + 4*m(r). Calculate v(2).
-4
Suppose -126 = -208*t + 217*t. Let a(c) = -c**3 - 12*c**2 + 23*c - 74. Give a(t).
-4
Let w = -34 + 37. Suppose -5*y + g = 5*g - 1, w = -5*y - 3*g. Let n(s) = 7*s + 4*s + 0 - 7 - 12*s. Give n(y).
-4
Let v(z) = 10*z**2 - 915*z**3 - 8*z + 6*z**2 + 914*z**3 + 11 - 13*z**2. Determine v(2).
-1
Let o(b) be the second derivative of b**5/20 - 23*b**4/12 - b**3/6 - 9*b**2/2 - 1438*b. Determine o(23).
-32
Let t = 4 - 5. Let m be (-15)/2*(-1 - 1). Let g(h) = 32*h**3 - 12*h**3 + 3 + m - 17. Give g(t).
-19
Let f(p) be the first derivative of -p**2/2 + 3*p - 93958. Suppose -z - 5 = -0*z. What is f(z)?
8
Let c(i) = -5*i + 0 + 1 + 4*i. Suppose -37*p + 38*p = 6*s, 0 = 4*p - 2*s - 22. Determine c(p).
-5
Let a(l) = -4*l**2 - 10*l + 1. Let m(y) = -y**2 + 30*y + 103. Let d be m(33). Let k(i) = 5*i**2 + 10*i - 4. Let f(p) = d*a(p) + 3*k(p). What is f(-7)?
13
Let a(d) be the second derivative of d**8/6720 - d**7/210 + d**6/72 + d**5/15 + 22*d**4/3 + 59*d. Let l(m) be the third derivative of a(m). Determine l(11).
-3
Let o(f) = -142*f - 64 + 276*f - 144*f. Determine o(-6).
-4
Let j be (12/14)/((-1)/(-7)). Let r(m) = 2*m**3 - m**3 - 129 - 119 - 5*m**2 - 4*m + 164 + 93. What is r(j)?
21
Let r(f) = 5*f**3 - 2*f**2 + f. Let s = -26 - -78. Let m = s - 102. Let y = m + 51. Give r(y).
4
Let t(l) be the first derivative of -l**5/120 - l**4/6 + 31*l**3/3 - 108. Let d(b) be the third derivative of t(b). What is d(-6)?
2
Let q(r) = -r - 7. Let z(o) = -7. Let v(b) = -q(b) + 4*z(b). What is v(4)?
-17
Let b(y) be the third derivative of y**6/120 - y**5/12 + 5*y**4/24 - y**3/3 + 20*y**2 + 5. Suppose 17 = 3*n - 2*i, -3*i - 19 = -3*n + 2. What is b(n)?
-5
Suppose -2*c - a - 6 = a, -2*c + 4*a = 0. Let k(p) = 7*p - 7*p + 3 + 20*p. Calculate k(c).
-37
Let i(b) = -b**2 - 6*b + 1114. Let u be i(-36). Let q(r) = r**2 - 33*r - 27. Determine q(u).
7
Suppose -k = 3*m + 18, 4*m - 107*k = -105*k - 14. Let f(v) = 18*v + 92. Give f(m).
2
Let w(t) = -19*t - 16*t - 1 + 36*t. Suppose j = 5*j - 4. Suppose -j = i - 4. What is w(i)?
2
Suppose 94*x - 92*x - 6 = 0. Let j(v) = 5*v**2 - 153*v**3 + 152*v**x + 0*v - 4 + v + 0*v. Give j(5).
1
Let c(u) be the third derivative of -u**6/15 + u**5/60 - u**3/6 + 11760*u**2. Let f(z) = z**3 + 3*z**2 - 1. Let y be f(-3). What is c(y)?
8
Let r(c) = -2*c**3 - 2*c + 1. Let o(q) = -q**3 - 51*q**2 - 61*q - 550